{"id":647,"date":"2014-10-19T12:46:12","date_gmt":"2014-10-19T12:46:12","guid":{"rendered":"http:\/\/demo.themetor.com\/thelaw\/?page_id=22"},"modified":"2025-06-10T03:51:30","modified_gmt":"2025-06-10T03:51:30","slug":"nosotros","status":"publish","type":"page","link":"https:\/\/estudioriojas.com.pe\/ini\/nosotros\/","title":{"rendered":"Nosotros"},"content":{"rendered":"<div class=\"vce-row-container\" data-vce-boxed-width=\"true\"><div class=\"vce-row vce-row--col-gap-30 vce-row-equal-height vce-row-content--top\" id=\"el-2d666d4f\" data-vce-do-apply=\"all el-2d666d4f\"><div class=\"vce-row-content\" data-vce-element-content=\"true\"><div class=\"vce-col vce-col--md-auto vce-col--xs-1 vce-col--xs-last vce-col--xs-first vce-col--sm-last vce-col--sm-first vce-col--md-last vce-col--lg-last vce-col--xl-last vce-col--md-first vce-col--lg-first vce-col--xl-first\" id=\"el-50c0532a\"><div class=\"vce-col-inner\" data-vce-do-apply=\"border margin background  el-50c0532a\"><div class=\"vce-col-content\" data-vce-element-content=\"true\" data-vce-do-apply=\"padding el-50c0532a\"><div class=\"vce-text-block\"><div class=\"vce-text-block-wrapper vce\" id=\"el-48919bb0\" data-vce-do-apply=\"all el-48919bb0\"><p><div class=\"clearfix title-left\"><h2 class=\"col-title\">\u00bfQui\u00e9nes somos?<\/h2><\/div><\/p><p style=\"text-align: justify;\"><img decoding=\"async\" loading=\"lazy\" class=\"wp-image-619 size-full aligncenter\" src=\"https:\/\/estudioriojas.com.pe\/ini\/wp-content\/uploads\/2014\/11\/scale2.png\" alt=\"\" width=\"150\" height=\"162\"><\/p><h4 style=\"text-align: justify;\"><strong>ESTUDIO RIOJAS VARGAS,<\/strong> es un Estudio Serio y profesional con amplia experiencia en el Derecho Marcario.<\/h4><p>&nbsp;<\/p><h4 style=\"text-align: justify;\">Nuestro Estudio brinda asesor\u00eda legal en el Registro de&nbsp; Marcas, Renovaciones, y Dise\u00f1os Industriales; nuestra mayor fortaleza es el resguardo de las marcas de nuestros clientes ante la Superintendencia de Aduanas. Este servicio de vigilancia nos permite actuar de manera r\u00e1pida ante la importaci\u00f3n de productos piratas, detect\u00e1ndolos y confiscando en un tiempo record.<\/h4><p>&nbsp;<\/p><h4 style=\"text-align: justify;\"><strong>Estudio Riojas Vargas<\/strong>&nbsp;brinda a sus clientes la seguridad, y confianza en sus casos delegados; logrando el reconocimiento profesional y fidelidad de sus clientes.<\/h4><\/div><\/div><\/div><\/div><\/div><\/div><\/div><\/div>\n","protected":false},"excerpt":{"rendered":"<p>ESTUDIO RIOJAS VARGAS, es un Estudio Serio y profesional con amplia experiencia en el Derecho Marcario.&nbsp;Nuestro Estudio brinda asesor\u00eda legal en el Registro de&nbsp; Marcas, Renovaciones, y Dise\u00f1os Industriales; nuestra [&hellip;]<\/p>\n","protected":false},"author":1,"featured_media":0,"parent":0,"menu_order":0,"comment_status":"closed","ping_status":"closed","template":"","meta":{"footnotes":""},"_links":{"self":[{"href":"https:\/\/estudioriojas.com.pe\/ini\/wp-json\/wp\/v2\/pages\/647"}],"collection":[{"href":"https:\/\/estudioriojas.com.pe\/ini\/wp-json\/wp\/v2\/pages"}],"about":[{"href":"https:\/\/estudioriojas.com.pe\/ini\/wp-json\/wp\/v2\/types\/page"}],"author":[{"embeddable":true,"href":"https:\/\/estudioriojas.com.pe\/ini\/wp-json\/wp\/v2\/users\/1"}],"replies":[{"embeddable":true,"href":"https:\/\/estudioriojas.com.pe\/ini\/wp-json\/wp\/v2\/comments?post=647"}],"version-history":[{"count":22,"href":"https:\/\/estudioriojas.com.pe\/ini\/wp-json\/wp\/v2\/pages\/647\/revisions"}],"predecessor-version":[{"id":1474,"href":"https:\/\/estudioriojas.com.pe\/ini\/wp-json\/wp\/v2\/pages\/647\/revisions\/1474"}],"wp:attachment":[{"href":"https:\/\/estudioriojas.com.pe\/ini\/wp-json\/wp\/v2\/media?parent=647"}],"curies":[{"name":"wp","href":"https:\/\/api.w.org\/{rel}","templated":true}]}}